*s = -2*i + 60. Calculate the highest common factor of i and x.
13
Let z = -6 + -270. Let t = z - -391. What is the greatest common factor of 46 and t?
23
Let c(t) = -6*t**3 + 14*t**2 + 37*t + 28. Let p be c(-2). Let o be -1*2*87/(-6). Calculate the greatest common factor of o and p.
29
Suppose -5*q - 5*t + 1480 = 0, -151*q - 2*t - 913 = -154*q. What is the greatest common factor of q and 56?
7
Suppose -3*z + 19 = -986. Suppose 2*s + 5*o = z, -89 = -s - o + 83. Calculate the highest common factor of 25 and s.
25
Let a(f) = 9*f + 116. Let j be a(-12). Let r be (j/10)/(70/20825). What is the highest common divisor of 14 and r?
14
Let w be (31/(341/(-88)))/(2/(-6)). What is the greatest common factor of 4164 and w?
12
Suppose 684 + 351 = o + 303. What is the highest common factor of o and 36?
12
Suppose 4*q + 2594*i - 2596*i = 112, 2*q + 5*i = 8. Calculate the greatest common factor of q and 4764.
12
Suppose -16 = -0*s - s. Suppose -298867 = -1252*p + 282061. What is the greatest common factor of s and p?
16
Suppose 0*z - 5*z = -320. Let v = z - 30. Let j = v - 27. What is the highest common factor of j and 14?
7
Suppose 10*q + 11 = 9*q + 5*m, -17 = -2*q - 3*m. Let i = 288 - 150. Suppose i + 102 = q*z. What is the greatest common factor of 6 and z?
6
Suppose -b - 2*j + 85 = 19, -3*b + 208 = j. Suppose -5*w + 380 = b. What is the greatest common divisor of 62 and w?
62
Let z = 6 + 0. Suppose 0 = -5*g + 4*u + 29, 5 + 19 = 4*g - 4*u. Suppose 7 + 22 = 2*x - g*h, -9 = -x - 3*h. What is the greatest common divisor of z and x?
6
Let p(z) = z**3 + 15*z**2 + 15*z - 2. Let h be p(-14). Let l = h + 38. Let d = l - 12. What is the greatest common factor of d and 10?
10
Suppose 213*g - 5983 = 204*g - 2014. Calculate the greatest common factor of g and 196.
49
Suppose -120 = x - 6*x. Let t be (2 - -5 - 5) + -7. Let q be x/(t/3 - -2). What is the highest common divisor of 9 and q?
9
Let j = 9 - 5. Suppose d - 5*p + p - 75 = 0, 0 = -j*p. What is the highest common factor of 30 and d?
15
Let i(f) = 447*f + 2. Let x be i(2). Let j be (-10 - -55) + (-13 - 0). What is the greatest common divisor of x and j?
32
Let h(y) = -y**3 - 25*y**2 - 70*y + 85. Let q be h(-25). What is the greatest common divisor of q and 5?
5
Let j = -167 - -166. Let w be (180/(-8))/(-3) + j/2. Calculate the greatest common divisor of 28 and w.
7
Let y = 41 - 30. Let j = -8 + y. Let x(d) = -d**3 + 6*d**2 + 38*d + 21. Let u be x(10). What is the highest common divisor of u and j?
1
Suppose -5*j = -r + 65, 2*j - 306 = -4*r - j. What is the greatest common divisor of r and 6075?
75
Let c(k) = -k**2 - 13*k + 35. Let v be c(-15). Suppose -5*o + 105 = -v*f, -o + 4*f + 10 + 17 = 0. What is the greatest common divisor of o and 19?
19
Let j(s) = 25*s + 2. Let f(m) = -m**3 + 18*m**2 - m + 19. Let p be f(18). Let g be j(p). What is the greatest common divisor of 54 and g?
27
Suppose -5*r = -2*r + 3. Let o(k) = -132*k**2 + 3*k + 3. Let z be o(r). Let j be 5/(-25) + z/(-10). What is the highest common factor of 104 and j?
13
Let i = -59 + 69. Let d = 2 + i. What is the greatest common divisor of 8 and d?
4
Let q be (-4233)/(-11) - 14/(-77). Suppose -5*t + q = f, -t + 26*f + 77 = 24*f. Calculate the highest common factor of t and 11.
11
Let a be (-9)/(-24) - 0 - (-63420)/1120. Calculate the highest common divisor of 42 and a.
3
Let b(a) = a**2 + a + 17. Suppose -2*c - 5*o = -3*o - 6, -2*c + 9 = 3*o. Let k be b(c). What is the highest common divisor of 17 and k?
17
Let s be (1 + 12/6 + -22)*-10. Suppose 10*m - s = -9*m. Calculate the highest common factor of m and 155.
5
Let a(h) = -h**2 + 16*h - 9. Let m = 55 + -51. Suppose 61 = m*v + f, -5*v - 3*f + 73 = -5. Let o be a(v). Calculate the greatest common factor of 96 and o.
6
Suppose -50 + 0 = 10*r. Let c be r + 6 - 6 - -117. Suppose -z = 2*y - 26, 4*z - 30 - 32 = -5*y. What is the highest common divisor of c and y?
14
Let o be 148/((4/(-12) - 0)*-3). Let w = -116 + o. Suppose 16 = 3*y - 8. What is the greatest common factor of w and y?
8
Let a = 6366 + -6341. Calculate the greatest common factor of a and 80.
5
Suppose 4*n + 2529 = -5*c + 7076, 5 = -c. Calculate the greatest common divisor of n and 27.
9
Let a = 4 + 14. Suppose 0 = f + 3*s - 23, f + 5*s = s + a. Suppose 66 = 2*l + 2*c, -2*l + 2*c + 57 + 29 = 0. Calculate the highest common divisor of f and l.
38
Let d(r) = 12*r**2 - 65*r - 543. Let w be d(-16). Calculate the greatest common factor of w and 43.
43
Let q(d) = -139*d - 4133. Let v be q(-32). Let n(s) = s**3 + 2*s**2 + 5*s - 11. Let r be n(5). What is the highest common divisor of v and r?
63
Let g = -8810 - -9015. What is the highest common divisor of g and 215?
5
Let p(y) = -35*y + 4601. Let v be p(83). Calculate the highest common divisor of v and 352.
32
Let t = 2226 - 2098. Calculate the highest common divisor of 68 and t.
4
Suppose -4*r = -5*u - 1870, 2*u - 4*r = -247 - 489. Let m = u - -456. What is the highest common factor of m and 6?
6
Let m be (2/(-3))/(2/(-9)). Let f(r) = -41*r + 124. Let v be f(3). What is the greatest common factor of v and m?
1
Suppose 2*x - 676 = -11*x. Let v(g) = 6*g + 144. Let j be v(-11). Calculate the highest common factor of x and j.
26
Let y(d) = 10*d - 95. Let k be 22/11 - -1*12. Let n be y(k). Calculate the greatest common factor of 495 and n.
45
Let v = -224 + 296. Calculate the highest common divisor of 64 and v.
8
Let l = 2621 + -2591. Let f = 19 - 7. Calculate the highest common divisor of l and f.
6
Let d = -171 - -171. Suppose d = 38*v - 53 + 15. Calculate the greatest common divisor of 17 and v.
1
Suppose -2*k - 1 + 5 = 0. Let p be (-3 + k)*(-5 - 2). Suppose -64*g = -22*g - 4998. Calculate the greatest common divisor of g and p.
7
Let r = 26 + -21. Let y be ((210/(-18))/r)/((-1)/(-15)). Let v = y - -46. What is the greatest common divisor of 121 and v?
11
Suppose 3*a = l - 132, -2*l + 4*a = 2*a - 264. Let o = 4499 + -4451. Calculate the greatest common divisor of l and o.
12
Suppose 3*h = -4*s + 732, -h + 237 = 14*s - 15*s. What is the highest common factor of h and 390?
30
Suppose 2*u + 3*k = 1809, 437 = u + 3*k - 460. Calculate the highest common divisor of u and 168.
24
Suppose 0 = -10*a - 18*a + 62*a - 114954. Calculate the highest common factor of 46 and a.
23
Let r(t) = -29*t + 153. Let w be r(18). Let u = w + 371. Suppose 5*z = z + 20. Calculate the greatest common divisor of u and z.
1
Let c = 9325 + -6616. Calculate the highest common factor of c and 9.
9
Let s be (6/4)/(9/12). Suppose d - 1465 = -3*q, -2*d + 4362 = d - s*q. What is the greatest common divisor of 91 and d?
91
Let q be 0 - (-6)/(6/112*4). Suppose -m + 4*a = 6*a - 104, 0 = 5*a - 15. Calculate the greatest common divisor of m and q.
14
Let l(m) = -49*m**3 + m**2 + m - 1. Let y be l(1). Let t be (-1*(-51)/68)/(18/(-48)). Let c be (t + y/(-20))*50. What is the highest common factor of c and 80?
20
Let k = 8164 + -8080. Calculate the highest common divisor of 1218 and k.
42
Suppose 0 = 2*s + 12 + 34. Let o(u) = 5*u + 62. Let b be o(s). Let x = -41 - b. What is the greatest common divisor of x and 6?
6
Let f be 1 - (-5)/(-3) - 15876/(-486). Suppose 0 = -2*q - 8 - 0. Let k be -1*(q + 3) - -31. What is the highest common divisor of f and k?
32
Let g(l) = -48*l - 38. Let i be g(5). Let y = i - -286. Calculate the highest common divisor of 104 and y.
8
Suppose 145 = 4*g - 3*y, 8*g + 73 = -4*y + 373. Calculate the greatest common factor of 5106 and g.
37
Let s = -30 - -140. Suppose -15*v = -640 - s. What is the highest common factor of v and 25?
25
Let l(m) = -7*m - 10. Let g be l(-18). Suppose d + 11*i - 36 = 12*i, -g = -3*d + i. What is the greatest common divisor of 90 and d?
10
Let l(p) = -3*p + 74. Let z be l(6). Let x be (-6)/(-4) - (-1484)/z. Calculate the greatest common divisor of x and 700.
28
Suppose -2 = -5*v + 8. Suppose -v*q + 97 = c, c + 2*q = 3*c - 200. Suppose -7*f - 581 = -644. Calculate the greatest common factor of c and f.
9
Suppose -1209 = 2*i - 1371. Calculate the highest common divisor of i and 93.
3
Suppose 3*a = -3, 551 = 25*w - 20*w - a. Calculate the greatest common factor of 720 and w.
10
Suppose -5*k + 5*a - 28 = -8, 5*k - 10 = -a. Let v be 6 + (-2 - 3) + k*161. What is the highest common factor of 2